et j(k) = 4*k + 35. Let g be j(-9). Is (943 - -12)*g/(-1) a composite number?
True
Suppose 341679 = -29*h + 12198649 + 2805459. Is h a prime number?
True
Let n = 573 - 860. Let b = 402 - n. Is b composite?
True
Let l(d) = 4 - 208*d**2 - 1 + 648*d**2 - 13*d + d. Is l(4) composite?
True
Let b be (-60)/(-15) + (0 - 8) + 8. Let p = -2031 + 3835. Suppose b*z + 0*z = p. Is z composite?
True
Let m be 42/(-441) - 256/(-42). Suppose -z + 146 = 4*n, -3*z = -m*z + 2*n + 508. Is z composite?
True
Let l(r) = r**3 + 92*r**2 - 57*r + 109. Is l(-56) prime?
False
Suppose 3*b - 49 = 10*b. Let x be 3 + b - ((-7 - -2) + -2). Suppose -5*q + 3*y + 1189 + 2341 = 0, -1403 = -2*q + x*y. Is q a composite number?
False
Is 7/112*589672 + 2/(-4) a composite number?
True
Is -4*((-7)/10)/(22/3796045) a composite number?
True
Suppose 37*c - 39*c + 176312 = -2*s, -264471 = -3*c + 2*s. Is c a prime number?
False
Suppose 702 = 5*g + 4*g. Suppose 40 = -5*r + 3*k, 0 = -5*r + 5*k - g + 28. Is (44/8)/(r/(-670)) composite?
True
Suppose 7*j - 472 = -j. Let r = 65 - j. Is (1 - 6804/(-10)) + r/(-15) a composite number?
True
Suppose -3*p = -j + 9, p - 3*p + 10 = 0. Suppose j*y + 522 - 35058 = 0. Is y prime?
True
Let v be -7 - (5 + -10) - -1. Let m be (1 - -45)/(v/(-23)) + -4. Suppose 5*o - 346 = -3*t + 434, m = 4*t + 2*o. Is t a prime number?
False
Let c(k) = -6*k**2 + 11*k**2 + 5 + 168*k**3 - 7*k**2 - 9*k. Let f be c(3). Suppose 0 = 4*l + 5*m - f, -m = m - 8. Is l a composite number?
True
Let s(b) = -2*b + 23. Let u be s(7). Suppose -4*z = u*z - 195. Suppose -z*h = -48820 + 19015. Is h a prime number?
True
Let h(p) = -503*p - 13. Let q be h(-8). Suppose -12*o + 9*o = -q. Is o a prime number?
False
Is -1402*4/(176/(-10538)) a prime number?
False
Let g(o) = 1304*o**2 + 179*o - 890. Is g(5) a composite number?
True
Let d(v) be the first derivative of 2*v**2 - 59/4*v**4 + 2*v - 18 - 2*v**3. Is d(-3) prime?
False
Let l(y) = y**2 + 4*y - 3. Let v be l(-9). Suppose -22 = 4*b - v. Suppose -1 = 2*n + 2*j + 1, 5*j + 35 = b*n. Is n prime?
True
Let t = -20 - -6. Let u(g) = -106*g - 17. Let d be u(t). Suppose 7*n = -2*n + d. Is n a composite number?
False
Let i = 8158 - 5097. Suppose 18*u - 10023 = -4*t + 21*u, 2*u = -3*t + 7496. Suppose -4*o - t = -2*y, -i = -2*y - 3*o - 573. Is y a composite number?
True
Suppose 5*n + 6 = -4, 14 = -2*u - 5*n. Let k be 2 - (4 + u)/(-1). Suppose -186 = -7*b + k*b. Is b a composite number?
True
Let d = 4585 + -2724. Let i = d - 1230. Is i a prime number?
True
Is 12178325/35 + (-9)/(-105)*10 composite?
True
Suppose j + 385234 = -2*u + 5*u, 2*u - j - 256823 = 0. Is u a composite number?
False
Suppose 65*v + 2122316 = 2*j + 70*v, 0 = -3*j + 2*v + 3183531. Is j a prime number?
False
Suppose 3*k - 3*d + 16462 = -14102, -5*d - 10170 = k. Let t(s) = -7187*s + 1. Let v be t(1). Let g = v - k. Is g a prime number?
True
Suppose -z - 59290 = -y, 16*y = 25*y - 4*z - 533595. Is y a composite number?
True
Let m(l) = l**2 + 3*l - 2. Suppose -5*i - 11 = 3*s, -i + 3 = 4*s - 5. Let v be m(i). Suppose v*n - 5362 = -0*n. Is n a prime number?
False
Suppose 0 = 4*a - 5*j - 45, -5*j + 5 = 3*a - 3*j. Suppose 0*x = -5*x - a*n + 17950, 5*x - 5*n - 17980 = 0. Is x a prime number?
True
Let t = -95 + 103. Let y be 4 - 108/2*t/12. Let s = 141 + y. Is s a prime number?
True
Let q(z) = -z**3 - 4*z**2 + 11*z + 32. Let k be q(-5). Suppose -2*d + 5798 = 4*f - 26780, -k*d + 32584 = 2*f. Is d a prime number?
False
Let t(z) = 122*z**2 + 9*z - 2. Suppose 4*n - 3*h = 12, 3*n - 5 - 4 = -h. Is t(n) a prime number?
True
Let n = 25183 - 11742. Is n a prime number?
True
Suppose 20 = -3*z - 2*z, -5*h + 3*z + 584347 = 0. Is h prime?
True
Is (-3)/(-4) - ((-48)/120 + 3861837/(-20)) prime?
True
Let d be 3/(-1) + 4016/(-251). Let o be 1/(-2)*-138 - -3. Let j = o + d. Is j a prime number?
True
Suppose 0 = -4*t + 2*u + u + 15986, t - 4001 = 3*u. Let s = t - 1477. Is s a composite number?
True
Suppose 6*r + 2850098 - 38488113 = -29*r. Is r prime?
False
Let r be 3 - 2/(-3)*13893. Suppose -2*s + 1602 = -5*z - r, -z = 1. Is s a prime number?
True
Let w = 13633 + -1054. Let i = w + -5518. Is i composite?
True
Let b(h) = 2*h**3 - 13*h**2 + 5*h - 9. Let o be b(6). Let j = 19 + o. Let u(y) = 70*y - 15. Is u(j) a prime number?
False
Let f = -34253 + 63624. Is f composite?
True
Let b = 337 - 334. Suppose 2*k + 0*r = -3*r + 7279, b*r = 4*k - 14567. Is k prime?
False
Let j(t) = 3*t**3 - 18*t**2 + 23*t + 1. Let f(g) = -2*g**3 + 18*g**2 - 23*g - 1. Suppose 4*n = 19 - 3. Let s(h) = n*f(h) + 3*j(h). Is s(-17) composite?
True
Suppose 42*k + d - 99797 = 40*k, k = 3*d + 49888. Is k a composite number?
True
Suppose 18622 + 1552088 = 30*n. Is n a prime number?
False
Let j = -136 - -171. Suppose -12*p - 51819 = -j*p. Is p a composite number?
True
Let u = -102622 - -280157. Is u prime?
False
Is (-15)/6*(152/20 + -8) + 174018 composite?
False
Let m be 113046/(-12)*(-10)/5. Suppose 0 = -4*h + 12235 + m. Is h a prime number?
False
Is (-7)/(-1) + 308124 + 156 a prime number?
False
Suppose 23424 = 3*c + c. Is ((-2)/(-8))/(12/c) prime?
False
Suppose 54 = 13*o - 10*o. Is 29073*(-3 + 60/o) prime?
False
Suppose -5*h = -5*m + 15, 2*h + 3*m + 7 = 26. Let s = 467 + -224. Suppose -o + h*t = -0*t - s, o - 238 = t. Is o composite?
False
Let g = -4629 - -76087. Is g prime?
False
Is -2 + -1299*3190/(-10) composite?
True
Suppose 70*f - 87 = 4*u + 65*f, -81 = 4*u - 3*f. Is 10/15 - (2706/u - -2) a prime number?
True
Let y = 39182 - 27643. Is y prime?
False
Let r(l) = -2667*l + 2021. Is r(-64) prime?
True
Let g = 58788 - 30737. Is g prime?
True
Suppose -108481 = 8*t - 568329. Is t prime?
False
Suppose 1082*w - 6774684 = 998*w. Is w a prime number?
True
Let o(u) be the first derivative of 13*u**3 - 13*u**2/2 - 20*u + 124. Is o(-7) composite?
True
Let c = 169 - 172. Is 1 - c/6 - (-377146)/44 a prime number?
True
Let h = 78394 - 55817. Is h composite?
True
Let k = -127804 + 382445. Is k a composite number?
True
Let m(k) = 788*k**2 - 9*k - 86. Is m(-15) a prime number?
False
Let c be 3/((3*(-1)/(-3))/1). Let f(v) = -1 + 51*v**c + 19*v**3 + v**2 + 3*v**3 + 0*v**3. Is f(2) a composite number?
False
Let x = 17560 + 2186. Let k = x - 14009. Is k a prime number?
True
Let a = -21 - -55. Suppose -29*x + a*x - 25 = 0. Suppose 3*z + 2*m - 8349 = 0, -x*z + 0*m + m + 13928 = 0. Is z a composite number?
True
Suppose 0 = -2*z + 3781 + 3365. Let y = z - -3128. Is y composite?
False
Let y(r) = 142*r - 44. Let j be y(-8). Let x = j + 2043. Is x a composite number?
False
Suppose n - 1 = -0*n, 5*n = 2*z - 104559. Is z prime?
False
Suppose 9*i = -299570 + 1214213. Is i a composite number?
False
Suppose 4*p - 15*i + 13*i = 194734, -146045 = -3*p - 4*i. Is p a composite number?
True
Is 1 - -404639 - (23 - 84/3) a prime number?
False
Suppose 0 = z - j - 9 - 0, -5*z = -3*j - 47. Suppose z*n = 7*n. Suppose -3*a - a + 5608 = n. Is a prime?
False
Is -108 - -3431724 - 10/(-4)*2 prime?
True
Suppose 35 = 5*d + 5*u, 3*u - 20 = -5*d + 17. Suppose -d*s = -28*s + 160180. Is s a composite number?
False
Let r(v) = 5*v**3 + 25*v - 97. Suppose -2*f + 2*d + 20 = 0, -8*f = -5*f + 3*d - 48. Is r(f) composite?
False
Let t(p) = 3*p**2 + 2*p + 1. Let u(q) = q - 5. Let s be u(12). Suppose s*r + 12 = 5*r. Is t(r) a composite number?
False
Is 5/((-12)/(-6300474)*(-90)/(-36)) a composite number?
False
Suppose -13*o = 35*o - 180528. Is o composite?
False
Let x = -1221 - -1215. Let r(t) be the second derivative of -t**5/20 - t**4/4 + t**3 + 11*t**2/2 + 2*t. Is r(x) a prime number?
True
Suppose -4*z = -5*n + 29, 2*n + 4*z - 8 = 2*z. Is (10/(-3))/((-12)/378090*n) prime?
False
Let q(s) be the first derivative of 23*s**2 + 10 + 9*s + 7 + 27*s**2 - 10*s**2. Is q(13) prime?
True
Suppose -4*a + 88728 = -49300. Is a a composite number?
True
Let v be (3 - (18/5 + -1))*35. Let h be -422*-2*v/8. Suppose -11*a + h = -4*a. Is a a prime number?
True
Let h = -195 - -198. Suppose 4*v - 3*c = 3347, 1193 - 3701 = -h*v + 3*c. Is v composite?
False
Suppose -5*q + 15*w + 121269 = 11*w, -2*q + 48502 = 4*w. Is q prime?
False
Let f(r) be the first derivative of -r**4/2 - 2*r**3/3 - 9*r**2/2 - 10*r - 1. Let p = -1897 + 1890. Is f(p) a composite number?
False
Let z(w) = w**2 + 9*w + 3. Let a be z(0). Is -5 + 3 - -216 - a a prime numb